{"id":167,"date":"2021-01-21T20:20:51","date_gmt":"2021-01-21T19:20:51","guid":{"rendered":"https:\/\/kvlu20.ccee.ch\/kellerrita\/?post_type=product&amp;p=167"},"modified":"2021-01-21T20:20:51","modified_gmt":"2021-01-21T19:20:51","slug":"persoenlichkeitshoroskop","status":"publish","type":"product","link":"https:\/\/ein-klang-sein.ch\/?product=persoenlichkeitshoroskop","title":{"rendered":"Horoskop"},"content":{"rendered":"<p>Das Pers\u00f6nlichkeitshoroskop gibt Ihnen einen Einblick in Ihre Talente, Charakterz\u00fcge, St\u00e4rken und Schw\u00e4chen und wie Sie Ihr Potential entwickeln k\u00f6nnen. Sie erhalten zus\u00e4tzlich Ihre Radix-Zeichnung, die auf dem genauen Geburtsdatum, der Geburtszeit und Ihrem Geburtsort basiert.<\/p>\n<p>&nbsp;<\/p>\n","protected":false},"excerpt":{"rendered":"<p>Das Pers\u00f6nlichkeitshoroskop gibt Ihnen einen Einblick in Ihre Talente, Charakterz\u00fcge, St\u00e4rken und Schw\u00e4chen und wie Sie Ihr Potential entwickeln k\u00f6nnen. Sie erhalten zus\u00e4tzlich Ihre Radix-Zeichnung, die auf dem genauen Geburtsdatum, der Geburtszeit und Ihrem Geburtsort basiert. &nbsp;<\/p>\n","protected":false},"featured_media":140,"comment_status":"closed","ping_status":"closed","template":"","meta":[],"product_cat":[20],"product_tag":[],"_links":{"self":[{"href":"https:\/\/ein-klang-sein.ch\/index.php?rest_route=\/wp\/v2\/product\/167"}],"collection":[{"href":"https:\/\/ein-klang-sein.ch\/index.php?rest_route=\/wp\/v2\/product"}],"about":[{"href":"https:\/\/ein-klang-sein.ch\/index.php?rest_route=\/wp\/v2\/types\/product"}],"replies":[{"embeddable":true,"href":"https:\/\/ein-klang-sein.ch\/index.php?rest_route=%2Fwp%2Fv2%2Fcomments&post=167"}],"wp:featuredmedia":[{"embeddable":true,"href":"https:\/\/ein-klang-sein.ch\/index.php?rest_route=\/wp\/v2\/media\/140"}],"wp:attachment":[{"href":"https:\/\/ein-klang-sein.ch\/index.php?rest_route=%2Fwp%2Fv2%2Fmedia&parent=167"}],"wp:term":[{"taxonomy":"product_cat","embeddable":true,"href":"https:\/\/ein-klang-sein.ch\/index.php?rest_route=%2Fwp%2Fv2%2Fproduct_cat&post=167"},{"taxonomy":"product_tag","embeddable":true,"href":"https:\/\/ein-klang-sein.ch\/index.php?rest_route=%2Fwp%2Fv2%2Fproduct_tag&post=167"}],"curies":[{"name":"wp","href":"https:\/\/api.w.org\/{rel}","templated":true}]}}

<p>Das Persönlichkeitshoroskop gibt Ihnen einen Einblick in Ihre Talente, Charakterzüge, Stärken und Schwächen und wie Sie Ihr Potential entwickeln können. Sie erhalten zusätzlich Ihre Radix-Zeichnung, die auf dem genauen Geburtsdatum, der Geburtszeit und Ihrem Geburtsort basiert.</p>
<p>&nbsp;</p>

<p>Das Persönlichkeitshoroskop gibt Ihnen einen Einblick in Ihre Talente, Charakterzüge, Stärken und Schwächen und wie Sie Ihr Potential entwickeln können. Sie erhalten zusätzlich Ihre Radix-Zeichnung, die auf dem genauen Geburtsdatum, der Geburtszeit und Ihrem Geburtsort basiert. &nbsp;</p>
