{"id":166,"date":"2021-01-21T20:03:42","date_gmt":"2021-01-21T19:03:42","guid":{"rendered":"https:\/\/kvlu20.ccee.ch\/kellerrita\/?post_type=product&amp;p=166"},"modified":"2025-05-28T03:25:55","modified_gmt":"2025-05-28T03:25:55","slug":"klangschalenset-inkl-schlaegel","status":"publish","type":"product","link":"https:\/\/ein-klang-sein.ch\/?product=klangschalenset-inkl-schlaegel","title":{"rendered":"Klangschalenset inkl. Schl\u00e4gel"},"content":{"rendered":"<p>Das Klangschalenset besteht aus drei Klangschalen verschiedener Gr\u00f6sse, die in aufwendiger Arbeit klanglich passend f\u00fcr Sie zusammengestellt werden. Es handelt sich um einen besonders preiswerten Satz, der sich ideal zum Einsteigen in die Klangarbeit eignet.<\/p>\n<p>&nbsp;<\/p>\n","protected":false},"excerpt":{"rendered":"<p>Das Klangschalenset besteht aus drei Klangschalen verschiedener Gr\u00f6sse, die in aufwendiger Arbeit klanglich passend f\u00fcr Sie zusammengestellt werden. Es handelt sich um einen besonders preiswerten Satz, der sich ideal zum Einsteigen in die Klangarbeit eignet. &nbsp;<\/p>\n","protected":false},"featured_media":144,"comment_status":"open","ping_status":"closed","template":"","meta":[],"product_cat":[22],"product_tag":[],"_links":{"self":[{"href":"https:\/\/ein-klang-sein.ch\/index.php?rest_route=\/wp\/v2\/product\/166"}],"collection":[{"href":"https:\/\/ein-klang-sein.ch\/index.php?rest_route=\/wp\/v2\/product"}],"about":[{"href":"https:\/\/ein-klang-sein.ch\/index.php?rest_route=\/wp\/v2\/types\/product"}],"replies":[{"embeddable":true,"href":"https:\/\/ein-klang-sein.ch\/index.php?rest_route=%2Fwp%2Fv2%2Fcomments&post=166"}],"wp:featuredmedia":[{"embeddable":true,"href":"https:\/\/ein-klang-sein.ch\/index.php?rest_route=\/wp\/v2\/media\/144"}],"wp:attachment":[{"href":"https:\/\/ein-klang-sein.ch\/index.php?rest_route=%2Fwp%2Fv2%2Fmedia&parent=166"}],"wp:term":[{"taxonomy":"product_cat","embeddable":true,"href":"https:\/\/ein-klang-sein.ch\/index.php?rest_route=%2Fwp%2Fv2%2Fproduct_cat&post=166"},{"taxonomy":"product_tag","embeddable":true,"href":"https:\/\/ein-klang-sein.ch\/index.php?rest_route=%2Fwp%2Fv2%2Fproduct_tag&post=166"}],"curies":[{"name":"wp","href":"https:\/\/api.w.org\/{rel}","templated":true}]}}