{"id":164,"date":"2021-01-21T19:49:33","date_gmt":"2021-01-21T18:49:33","guid":{"rendered":"https:\/\/kvlu20.ccee.ch\/kellerrita\/?post_type=product&amp;p=164"},"modified":"2021-01-21T19:49:33","modified_gmt":"2021-01-21T18:49:33","slug":"beckenschale","status":"publish","type":"product","link":"https:\/\/ein-klang-sein.ch\/?product=beckenschale","title":{"rendered":"Beckenschale"},"content":{"rendered":"<p>Diese Klangschale bietet mit ihren tiefen T\u00f6nen Entspannung f\u00fcr den unteren R\u00fccken und den Beckenbereich.<\/p>\n","protected":false},"excerpt":{"rendered":"<p>Diese Klangschale bietet mit ihren tiefen T\u00f6nen Entspannung f\u00fcr den unteren R\u00fccken und den Beckenbereich.<\/p>\n","protected":false},"featured_media":150,"comment_status":"open","ping_status":"closed","template":"","meta":[],"product_cat":[22],"product_tag":[],"_links":{"self":[{"href":"https:\/\/ein-klang-sein.ch\/index.php?rest_route=\/wp\/v2\/product\/164"}],"collection":[{"href":"https:\/\/ein-klang-sein.ch\/index.php?rest_route=\/wp\/v2\/product"}],"about":[{"href":"https:\/\/ein-klang-sein.ch\/index.php?rest_route=\/wp\/v2\/types\/product"}],"replies":[{"embeddable":true,"href":"https:\/\/ein-klang-sein.ch\/index.php?rest_route=%2Fwp%2Fv2%2Fcomments&post=164"}],"wp:featuredmedia":[{"embeddable":true,"href":"https:\/\/ein-klang-sein.ch\/index.php?rest_route=\/wp\/v2\/media\/150"}],"wp:attachment":[{"href":"https:\/\/ein-klang-sein.ch\/index.php?rest_route=%2Fwp%2Fv2%2Fmedia&parent=164"}],"wp:term":[{"taxonomy":"product_cat","embeddable":true,"href":"https:\/\/ein-klang-sein.ch\/index.php?rest_route=%2Fwp%2Fv2%2Fproduct_cat&post=164"},{"taxonomy":"product_tag","embeddable":true,"href":"https:\/\/ein-klang-sein.ch\/index.php?rest_route=%2Fwp%2Fv2%2Fproduct_tag&post=164"}],"curies":[{"name":"wp","href":"https:\/\/api.w.org\/{rel}","templated":true}]}}

<p>Diese Klangschale bietet mit ihren tiefen Tönen Entspannung für den unteren Rücken und den Beckenbereich.</p>
