{"id":163,"date":"2021-01-21T19:41:16","date_gmt":"2021-01-21T18:41:16","guid":{"rendered":"https:\/\/kvlu20.ccee.ch\/kellerrita\/?post_type=product&amp;p=163"},"modified":"2021-01-21T19:41:16","modified_gmt":"2021-01-21T18:41:16","slug":"zenschale-mit-holzschlaegel","status":"publish","type":"product","link":"https:\/\/ein-klang-sein.ch\/?product=zenschale-mit-holzschlaegel","title":{"rendered":"Zenschale mit Holzschl\u00e4gel"},"content":{"rendered":"<p>Diese Klangschale hat eine ganz klare und zentrierte Klangqualit\u00e4t. Sie wird vor allem f\u00fcr den Kopfbereich eingesetzt und \u00fcberall dort, wo Aufmerksamkeit hingeleitet werden soll.<\/p>\n<p>Sie eignen sich auch gut, um das Ende einer Meditation oder Klangmassage zu signalisieren.<\/p>\n","protected":false},"excerpt":{"rendered":"<p>Diese Klangschale hat eine ganz klare und zentrierte Klangqualit\u00e4t. Sie wird vor allem f\u00fcr den Kopfbereich eingesetzt und \u00fcberall dort, wo Aufmerksamkeit hingeleitet werden soll. Sie eignen sich auch gut, um das Ende einer Meditation oder Klangmassage zu signalisieren.<\/p>\n","protected":false},"featured_media":149,"comment_status":"open","ping_status":"closed","template":"","meta":[],"product_cat":[22],"product_tag":[],"_links":{"self":[{"href":"https:\/\/ein-klang-sein.ch\/index.php?rest_route=\/wp\/v2\/product\/163"}],"collection":[{"href":"https:\/\/ein-klang-sein.ch\/index.php?rest_route=\/wp\/v2\/product"}],"about":[{"href":"https:\/\/ein-klang-sein.ch\/index.php?rest_route=\/wp\/v2\/types\/product"}],"replies":[{"embeddable":true,"href":"https:\/\/ein-klang-sein.ch\/index.php?rest_route=%2Fwp%2Fv2%2Fcomments&post=163"}],"wp:featuredmedia":[{"embeddable":true,"href":"https:\/\/ein-klang-sein.ch\/index.php?rest_route=\/wp\/v2\/media\/149"}],"wp:attachment":[{"href":"https:\/\/ein-klang-sein.ch\/index.php?rest_route=%2Fwp%2Fv2%2Fmedia&parent=163"}],"wp:term":[{"taxonomy":"product_cat","embeddable":true,"href":"https:\/\/ein-klang-sein.ch\/index.php?rest_route=%2Fwp%2Fv2%2Fproduct_cat&post=163"},{"taxonomy":"product_tag","embeddable":true,"href":"https:\/\/ein-klang-sein.ch\/index.php?rest_route=%2Fwp%2Fv2%2Fproduct_tag&post=163"}],"curies":[{"name":"wp","href":"https:\/\/api.w.org\/{rel}","templated":true}]}}