{"id":161,"date":"2021-01-21T19:27:50","date_gmt":"2021-01-21T18:27:50","guid":{"rendered":"https:\/\/kvlu20.ccee.ch\/kellerrita\/?post_type=product&amp;p=161"},"modified":"2021-01-21T19:27:50","modified_gmt":"2021-01-21T18:27:50","slug":"gelenkschale","status":"publish","type":"product","link":"https:\/\/ein-klang-sein.ch\/?product=gelenkschale","title":{"rendered":"Gelenkschale"},"content":{"rendered":"<p>Die Gelenkschale ist d\u00fcnnwandig und zeichnet sich durch eine intensive Schwingung aus.<br \/>\nWenn diese Klangschale mit verschiedenen Schl\u00e4geln bespielt wird, kann man den Klangcharakter ver\u00e4ndern.<\/p>\n","protected":false},"excerpt":{"rendered":"<p>Die Gelenkschale ist d\u00fcnnwandig und zeichnet sich durch eine intensive Schwingung aus. Wenn diese Klangschale mit verschiedenen Schl\u00e4geln bespielt wird, kann man den Klangcharakter ver\u00e4ndern.<\/p>\n","protected":false},"featured_media":141,"comment_status":"open","ping_status":"closed","template":"","meta":[],"product_cat":[22],"product_tag":[],"_links":{"self":[{"href":"https:\/\/ein-klang-sein.ch\/index.php?rest_route=\/wp\/v2\/product\/161"}],"collection":[{"href":"https:\/\/ein-klang-sein.ch\/index.php?rest_route=\/wp\/v2\/product"}],"about":[{"href":"https:\/\/ein-klang-sein.ch\/index.php?rest_route=\/wp\/v2\/types\/product"}],"replies":[{"embeddable":true,"href":"https:\/\/ein-klang-sein.ch\/index.php?rest_route=%2Fwp%2Fv2%2Fcomments&post=161"}],"wp:featuredmedia":[{"embeddable":true,"href":"https:\/\/ein-klang-sein.ch\/index.php?rest_route=\/wp\/v2\/media\/141"}],"wp:attachment":[{"href":"https:\/\/ein-klang-sein.ch\/index.php?rest_route=%2Fwp%2Fv2%2Fmedia&parent=161"}],"wp:term":[{"taxonomy":"product_cat","embeddable":true,"href":"https:\/\/ein-klang-sein.ch\/index.php?rest_route=%2Fwp%2Fv2%2Fproduct_cat&post=161"},{"taxonomy":"product_tag","embeddable":true,"href":"https:\/\/ein-klang-sein.ch\/index.php?rest_route=%2Fwp%2Fv2%2Fproduct_tag&post=161"}],"curies":[{"name":"wp","href":"https:\/\/api.w.org\/{rel}","templated":true}]}}