{"id":243,"date":"2021-01-28T16:07:53","date_gmt":"2021-01-28T15:07:53","guid":{"rendered":"https:\/\/kvlu20.ccee.ch\/kellerrita\/?page_id=243"},"modified":"2021-01-28T16:07:53","modified_gmt":"2021-01-28T15:07:53","slug":"ueber-mich","status":"publish","type":"page","link":"https:\/\/ein-klang-sein.ch\/?page_id=243","title":{"rendered":"\u00dcber mich"},"content":{"rendered":"\n<p>Ich freue mich, wenn ich Sie ein St\u00fcck auf Ihrem Weg begleiten darf.<\/p>\n\n\n\n<p><br><strong>Meine Aus-\/Weiterbildungen:<\/strong><\/p>\n\n\n\n<ul><li>Klangmassage nach Peter Hess, aeon Basel<\/li><li>Verschiedene Weiterbildungen in energetischen Heilmethoden<\/li><li>Spirituell orientierte Therapie &#8211; Anouk Claes und PD Dr. med. Jakob Boesch, Psychiater<\/li><li>Ganzheitliche Psychologie IIPB &#8211; Institut f\u00fcr Integrative Psychologie und Beratung<\/li><li>Psychologische Beratung ipsyt &#8211; Institut f\u00fcr Psychologie-Transfer, Spin-off der Universit\u00e4t Z\u00fcrich<\/li><li>Weiterbidlungskurse in intuitiver Beratung<\/li><li>Begleitende Seelsorge &#8211; bcb Schweiz<\/li><li>Astrologieseminare &#8211; API Basel und Adliswil<\/li><\/ul>\n\n\n\n<div style=\"height:100px\" aria-hidden=\"true\" class=\"wp-block-spacer\"><\/div>\n\n\n\n<p><\/p>\n","protected":false},"excerpt":{"rendered":"<p>Ich freue mich, wenn ich Sie ein St\u00fcck auf Ihrem Weg begleiten darf. Meine Aus-\/Weiterbildungen: Klangmassage nach Peter Hess, aeon Basel Verschiedene Weiterbildungen in energetischen Heilmethoden Spirituell orientierte Therapie &#8211; Anouk Claes und PD Dr. med. Jakob Boesch, Psychiater Ganzheitliche Psychologie IIPB &#8211; Institut f\u00fcr Integrative Psychologie und Beratung Psychologische Beratung ipsyt &#8211; Institut f\u00fcr [&hellip;]<\/p>\n","protected":false},"author":1,"featured_media":0,"parent":0,"menu_order":0,"comment_status":"closed","ping_status":"closed","template":"","meta":[],"_links":{"self":[{"href":"https:\/\/ein-klang-sein.ch\/index.php?rest_route=\/wp\/v2\/pages\/243"}],"collection":[{"href":"https:\/\/ein-klang-sein.ch\/index.php?rest_route=\/wp\/v2\/pages"}],"about":[{"href":"https:\/\/ein-klang-sein.ch\/index.php?rest_route=\/wp\/v2\/types\/page"}],"author":[{"embeddable":true,"href":"https:\/\/ein-klang-sein.ch\/index.php?rest_route=\/wp\/v2\/users\/1"}],"replies":[{"embeddable":true,"href":"https:\/\/ein-klang-sein.ch\/index.php?rest_route=%2Fwp%2Fv2%2Fcomments&post=243"}],"version-history":[{"count":0,"href":"https:\/\/ein-klang-sein.ch\/index.php?rest_route=\/wp\/v2\/pages\/243\/revisions"}],"wp:attachment":[{"href":"https:\/\/ein-klang-sein.ch\/index.php?rest_route=%2Fwp%2Fv2%2Fmedia&parent=243"}],"curies":[{"name":"wp","href":"https:\/\/api.w.org\/{rel}","templated":true}]}}

Über mich

<p>Ich freue mich, wenn ich Sie ein Stück auf Ihrem Weg begleiten darf.</p>



<p><br><strong>Meine Aus-/Weiterbildungen:</strong></p>



<ul><li>Klangmassage nach Peter Hess, aeon Basel</li><li>Verschiedene Weiterbildungen in energetischen Heilmethoden</li><li>Spirituell orientierte Therapie &#8211; Anouk Claes und PD Dr. med. Jakob Boesch, Psychiater</li><li>Ganzheitliche Psychologie IIPB &#8211; Institut für Integrative Psychologie und Beratung</li><li>Psychologische Beratung ipsyt &#8211; Institut für Psychologie-Transfer, Spin-off der Universität Zürich</li><li>Weiterbidlungskurse in intuitiver Beratung</li><li>Begleitende Seelsorge &#8211; bcb Schweiz</li><li>Astrologieseminare &#8211; API Basel und Adliswil</li></ul>



<div style="height:100px" aria-hidden="true" class="wp-block-spacer"></div>



<p></p>

<p>Ich freue mich, wenn ich Sie ein Stück auf Ihrem Weg begleiten darf. Meine Aus-/Weiterbildungen: Klangmassage nach Peter Hess, aeon Basel Verschiedene Weiterbildungen in energetischen Heilmethoden Spirituell orientierte Therapie &#8211; Anouk Claes und PD Dr. med. Jakob Boesch, Psychiater Ganzheitliche Psychologie IIPB &#8211; Institut für Integrative Psychologie und Beratung Psychologische Beratung ipsyt &#8211; Institut für [&hellip;]</p>
