{"id":235,"date":"2021-01-28T15:29:21","date_gmt":"2021-01-28T14:29:21","guid":{"rendered":"https:\/\/kvlu20.ccee.ch\/kellerrita\/?page_id=235"},"modified":"2021-01-28T15:29:21","modified_gmt":"2021-01-28T14:29:21","slug":"beratung","status":"publish","type":"page","link":"https:\/\/ein-klang-sein.ch\/?page_id=235","title":{"rendered":"Beratung"},"content":{"rendered":"\n<p>In der l\u00f6sungsorientierten Beratung stehen Sie mit Ihren Anliegen und Fragen im Mittelpunkt. Im Gespr\u00e4ch werden individuelle L\u00f6sungswege gesucht. Ich unterst\u00fctze Sie dabei, Ihre Ressourcen und Ihr Potential zu entdecken und zu aktivieren. Daraus k\u00f6nnen erste Ver\u00e4nderungsschritte aufgezeigt werden. <br>Im Gespr\u00e4ch wende ich den personenzentrierten und ressourcenorientierten Ansatz an. Es k\u00f6nnen aber auch intuitive, kreative Methoden mit einfliessen. Es ist eine ganzheitliche Beratung.<\/p>\n\n\n\n<div style=\"height:100px\" aria-hidden=\"true\" class=\"wp-block-spacer\"><\/div>\n\n\n\n<figure class=\"wp-block-image size-large is-resized is-style-default\"><img loading=\"lazy\" src=\"http:\/\/ein-klang-sein.ch\/wp-content\/uploads\/2021\/01\/Gespraech-1024x785.jpg\" alt=\"\" class=\"wp-image-237\" width=\"512\" height=\"393\" srcset=\"https:\/\/ein-klang-sein.ch\/wp-content\/uploads\/2021\/01\/Gespraech-1024x785.jpg 1024w, https:\/\/ein-klang-sein.ch\/wp-content\/uploads\/2021\/01\/Gespraech-600x460.jpg 600w, https:\/\/ein-klang-sein.ch\/wp-content\/uploads\/2021\/01\/Gespraech-300x230.jpg 300w, https:\/\/ein-klang-sein.ch\/wp-content\/uploads\/2021\/01\/Gespraech-768x588.jpg 768w, https:\/\/ein-klang-sein.ch\/wp-content\/uploads\/2021\/01\/Gespraech.jpg 1313w\" sizes=\"(max-width: 512px) 100vw, 512px\" \/><\/figure>\n\n\n\n<div style=\"height:100px\" aria-hidden=\"true\" class=\"wp-block-spacer\"><\/div>\n","protected":false},"excerpt":{"rendered":"<p>In der l\u00f6sungsorientierten Beratung stehen Sie mit Ihren Anliegen und Fragen im Mittelpunkt. Im Gespr\u00e4ch werden individuelle L\u00f6sungswege gesucht. Ich unterst\u00fctze Sie dabei, Ihre Ressourcen und Ihr Potential zu entdecken und zu aktivieren. Daraus k\u00f6nnen erste Ver\u00e4nderungsschritte aufgezeigt werden. Im Gespr\u00e4ch wende ich den personenzentrierten und ressourcenorientierten Ansatz an. Es k\u00f6nnen aber auch intuitive, kreative [&hellip;]<\/p>\n","protected":false},"author":1,"featured_media":0,"parent":0,"menu_order":0,"comment_status":"closed","ping_status":"closed","template":"","meta":[],"_links":{"self":[{"href":"https:\/\/ein-klang-sein.ch\/index.php?rest_route=\/wp\/v2\/pages\/235"}],"collection":[{"href":"https:\/\/ein-klang-sein.ch\/index.php?rest_route=\/wp\/v2\/pages"}],"about":[{"href":"https:\/\/ein-klang-sein.ch\/index.php?rest_route=\/wp\/v2\/types\/page"}],"author":[{"embeddable":true,"href":"https:\/\/ein-klang-sein.ch\/index.php?rest_route=\/wp\/v2\/users\/1"}],"replies":[{"embeddable":true,"href":"https:\/\/ein-klang-sein.ch\/index.php?rest_route=%2Fwp%2Fv2%2Fcomments&post=235"}],"version-history":[{"count":0,"href":"https:\/\/ein-klang-sein.ch\/index.php?rest_route=\/wp\/v2\/pages\/235\/revisions"}],"wp:attachment":[{"href":"https:\/\/ein-klang-sein.ch\/index.php?rest_route=%2Fwp%2Fv2%2Fmedia&parent=235"}],"curies":[{"name":"wp","href":"https:\/\/api.w.org\/{rel}","templated":true}]}}

<p>In der lösungsorientierten Beratung stehen Sie mit Ihren Anliegen und Fragen im Mittelpunkt. Im Gespräch werden individuelle Lösungswege gesucht. Ich unterstütze Sie dabei, Ihre Ressourcen und Ihr Potential zu entdecken und zu aktivieren. Daraus können erste Veränderungsschritte aufgezeigt werden. <br>Im Gespräch wende ich den personenzentrierten und ressourcenorientierten Ansatz an. Es können aber auch intuitive, kreative Methoden mit einfliessen. Es ist eine ganzheitliche Beratung.</p>



<div style="height:100px" aria-hidden="true" class="wp-block-spacer"></div>



<figure class="wp-block-image size-large is-resized is-style-default"><img loading="lazy" src="http://ein-klang-sein.ch/wp-content/uploads/2021/01/Gespraech-1024x785.jpg" alt="" class="wp-image-237" width="512" height="393" srcset="https://ein-klang-sein.ch/wp-content/uploads/2021/01/Gespraech-1024x785.jpg 1024w, https://ein-klang-sein.ch/wp-content/uploads/2021/01/Gespraech-600x460.jpg 600w, https://ein-klang-sein.ch/wp-content/uploads/2021/01/Gespraech-300x230.jpg 300w, https://ein-klang-sein.ch/wp-content/uploads/2021/01/Gespraech-768x588.jpg 768w, https://ein-klang-sein.ch/wp-content/uploads/2021/01/Gespraech.jpg 1313w" sizes="(max-width: 512px) 100vw, 512px" /></figure>



<div style="height:100px" aria-hidden="true" class="wp-block-spacer"></div>

<p>In der lösungsorientierten Beratung stehen Sie mit Ihren Anliegen und Fragen im Mittelpunkt. Im Gespräch werden individuelle Lösungswege gesucht. Ich unterstütze Sie dabei, Ihre Ressourcen und Ihr Potential zu entdecken und zu aktivieren. Daraus können erste Veränderungsschritte aufgezeigt werden. Im Gespräch wende ich den personenzentrierten und ressourcenorientierten Ansatz an. Es können aber auch intuitive, kreative [&hellip;]</p>
